e 12) to base 4.
130
d (base 14) to base 10
13
-180 (base 10) to base 14
-cc
Convert -10111010 (base 2) to base 8.
-272
What is 2 (base 4) in base 3?
2
Convert -2 (base 5) to base 7.
-2
4 (base 10) to base 16
4
Convert 3 (base 14) to base 7.
3
Convert -2 (base 3) to base 10.
-2
What is -15 (base 9) in base 16?
-e
Convert 2 (base 12) to base 15.
2
Convert -2 (base 14) to base 13.
-2
Convert -2 (base 15) to base 2.
-10
Convert -1212 (base 3) to base 16.
-32
What is 147 (base 10) in base 11?
124
What is 1001 (base 2) in base 12?
9
-23 (base 5) to base 9
-14
-41 (base 6) to base 9
-27
What is 53 (base 14) in base 16?
49
Convert -35 (base 6) to base 5.
-43
43 (base 8) to base 2
100011
Convert -1 (base 12) to base 9.
-1
3033 (base 4) to base 6
543
1011011 (base 2) to base 7
160
Convert -20 (base 7) to base 16.
-e
What is 1 (base 4) in base 5?
1
Convert 13 (base 16) to base 5.
34
6 (base 9) to base 13
6
5 (base 12) to base 3
12
-1101 (base 3) to base 16
-25
Convert 2 (base 9) to base 8.
2
50 (base 14) to base 2
1000110
What is 1342 (base 6) in base 9?
428
-3 (base 10) to base 13
-3
-102 (base 3) to base 9
-12
10 (base 2) to base 16
2
What is 16 (base 13) in base 15?
14
What is 221 (base 4) in base 16?
29
What is 11 (base 3) in base 9?
4
Convert -2 (base 4) to base 5.
-2
-101111 (base 2) to base 13
-38
-2 (base 4) to base 15
-2
What is -4 (base 14) in base 10?
-4
What is 10 (base 3) in base 10?
3
-3 (base 13) to base 12
-3
1 (base 11) to base 7
1
Convert 155 (base 6) to base 11.
65
Convert -176 (base 9) to base 15.
-a0
What is -40 (base 13) in base 7?
-103
What is 4 (base 14) in base 4?
10
Convert 0 (base 14) to base 4.
0
Convert -12 (base 6) to base 12.
-8
What is -12 (base 15) in base 14?
-13
26 (base 13) to base 11
2a
Convert 0 (base 8) to base 11.
0
Convert 5 (base 8) to base 10.
5
0 (base 16) to base 5
0
What is -1024 (base 6) in base 4?
-3220
Convert -37 (base 11) to base 16.
-28
What is -57 (base 15) in base 2?
-1010010
What is -322 (base 5) in base 3?
-10020
What is -8 (base 16) in base 2?
-1000
-3 (base 10) to base 14
-3
5 (base 16) to base 12
5
Convert 1 (base 4) to base 2.
1
Convert -b6 (base 12) to base 11.
-116
-11 (base 2) to base 10
-3
What is -3 (base 16) in base 6?
-3
Convert 104 (base 13) to base 6.
445
Convert 10 (base 14) to base 6.
22
What is 5 (base 11) in base 7?
5
-34 (base 16) to base 9
-57
Convert 96 (base 16) to base 5.
1100
Convert -2 (base 13) to base 8.
-2
What is 1 (base 8) in base 14?
1
What is 8 (base 16) in base 6?
12
Convert 10000 (base 2) to base 13.
13
113 (base 7) to base 2
111011
What is -112 (base 3) in base 12?
-12
What is 100 (base 2) in base 4?
10
100 (base 4) to base 15
11
-1 (base 5) to base 14
-1
What is -23 (base 10) in base 7?
-32
Convert -10 (base 2) to base 14.
-2
0 (base 7) to base 11
0
What is -174 (base 9) in base 2?
-10010100
Convert db (base 16) to base 6.
1003
Convert 6 (base 9) to base 15.
6
What is 10002 (base 3) in base 12?
6b
Convert -19 (base 11) to base 16.
-14
What is 15 (base 13) in base 15?
13
What is -3 (base 4) in base 5?
-3
100 (base 2) to base 11
4
Convert 9 (base 14) to base 16.
9
What is -b (base 13) in base 12?
-b
3 (base 4) to base 15
3
What is -1 (base 9) in base 6?
-1
What is -2 (base 11) in base 7?
-2
What is -13 (base 7) in base 4?
-22
-45 (base 14) to base 16
-3d
Convert -233 (base 4) to base 3.
-1202
Convert -2003 (base 4) to base 3.
-11212
32 (base 5) to base 4
101
Convert -2 (base 8) to base 13.
-2
Convert -10 (base 9) to base 3.
-100
Convert -6 (base 14) to base 16.
-6
What is -222 (base 5) in base 8?
-76
-32 (base 6) to base 9
-22
57 (base 12) to base 14
4b
-3 (base 13) to base 7
-3
-18 (base 12) to base 11
-19
Convert -9 (base 11) to base 5.
-14
-41 (base 13) to base 14
-3b
What is 2 (base 11) in base 6?
2
What is 5 (base 9) in base 5?
10
What is 103 (base 11) in base 5?
444
-10 (base 6) to base 13
-6
1 (base 11) to base 8
1
5 (base 8) to base 5
10
-25 (base 13) to base 15
-21
-542 (base 8) to base 12
-256
Convert 3133 (base 5) to base 12.
2aa
4 (base 11) to base 8
4
Convert -104 (base 10) to base 11.
-95
What is 11 (base 4) in base 2?
101
What is 10011111 (base 2) in base 8?
237
What is 1010 (base 2) in base 13?
a
Convert 128 (base 9) to base 16.
6b
What is -10010001 (base 2) in base 16?
-91
-13 (base 4) to base 8
-7
What is 4 (base 8) in base 11?
4
What is -12012 (base 3) in base 7?
-260
What is -13 (base 8) in base 15?
-b
-4 (base 12) to base 3
-11
What is 6b (base 15) in base 14?
73
Convert 5 (base 15) to base 13.
5
Convert 13 (base 11) to base 5.
24
What is -21 (base 6) in base 5?
-23
14 (base 5) to base 13
9
Convert 0 (base 13) to base 12.
0
Convert -8a (base 12) to base 11.
-97
121 (base 5) to base 3
1100
What is 322 (base 6) in base 15?
82
What is 3 (base 5) in base 11?
3
What is 8 (base 13) in base 14?
8
Convert 8 (base 12) to base 2.
1000
Convert -213 (base 5) to base 10.
-58
What is 4 (base 13) in base 12?
4
-27 (base 9) to base 10
-25
Convert 51 (base 16) to base 14.
5b
What is d0 (base 16) in base 11?
17a
Convert 1 (base 10) to base 8.
1
Convert 5 (base 12) to base 3.
12
Convert -24 (base 8) to base 2.
-10100
What is 1 (base 9) in base 10?
1
What is c (base 13) in base 3?
110
Convert -3 (base 6) to base 16.
-3
What is 10 (base 7) in base 5?
12
Convert 3 (base 13) to base 6.
3
1 (base 12) to base 8
1
What is 1 (base 7) in base 4?
1
What is -6 (base 11) in base 12?
-6
-1 (base 13) to base 6
-1
What is -10 (base 3) in base 4?
-3
Convert 1 (base 6) to base 12.
1
Convert 25 (base 8) to base 4.
111
Convert -21 (base 10) to base 14.
-17
What is -78 (base 12) in base 8?
-134
Convert -3 (base 14) to base 16.
-3
What is 11 (base 5) in base 10?
6
Convert -3 (base 6) to base 10.
-3
What is -213 (base 4) in base 3?
-1110
Convert 8 (base 12) to base 14.
8
21 (base 3) to base 12
7
22 (base 7) to base 16
10
Convert a (base 14) to base 15.
a
Convert -10323 (base 4) to base 3.
-102200
What is 13 (base 10) in base 9?
14
What is -24 (base 7) in base 4?
-102
What is 0 (base 14) in base 9?
0
Convert -4 (base 10) to base 13.
-4
Convert 233 (base 5) to base 3.
2112
76 (base 10) to base 2
1001100
What is -212 (base 4) in base 10?
-38
1 (base 3) to base 10
1
What is 35 (base 13) in base 11?
40
Convert 38 (base 14) to base 9.
55
-50 (base 16) to base 14
-5a
Convert -3 (base 8) to base 5.
-3
What is 64 (base 9) in base 12?
4a
What is 16 (base 10) in base 8?
20
9 (base 13) to base 5
14
What is 32 (base 7) in base 12?
1b
What is 2 (base 5) in base 2?
10
What is -3 (base 5) in base 2?
-11
What is -16 (base 8) in base 16?
-e
What is -1322 (base 4) in base 16?
-7a
Convert -2 (base 9) to base 13.
-2
What is -47 (base 13) in base 4?
-323
11010 (base 2) to base 11
24
-225 (base 6) to base 8
-131
What is -36 (base 16) in base 7?
-105
Convert -4 (base 10) to base 5.
-4
What is 92 (base 11) in base 14?
73
Convert -43 (base 14) to base 12.
-4b
-1 (base 5) to base 3
-1
Convert 0 (base 9) to base 13.
0
-11 (base 5) to base 4
-12
What is -2 (base 8) in base 9?
-2
Convert 5 (base 12) to base 6.
5
What is 2 (base 5) in base 13?
2
-40 (base 14) to base 13
-44
-43 (base 7) to base 16
-1f
What is 11 (base 2) in base 3?
10
Convert 11110 (base 2) to base 11.
28
-4 (base 10) to base 2
-100
Convert -4 (base 14) to base 15.
-4
2a (base 11) to base 12
28
What is 0 (base 7) in base 9?
0
Convert 102 (base 12) to base 8.
222
0 (base 3) to base 5
0
Convert -410 (base 5) to base 16.
-69
Convert -144 (base 8) to base 13.
-79
-44 (base 10) to base 13
-35
Convert 1 (base 15) to base 5.
1
1 (base 2) to base 8
1
-3 (base 12) to base 4
-3
What is 6 (base 10) in base 12?
6
What is -14b (base 12) in base 2?
-11001011
335 (base 6) to base 10
131
Convert 5 (base 11) to base 2.
101
Convert 222 (base 3) to base 14.
1c
What is -1100100 (base 2) in base 10?
-100
2 (base 14) to base 3
2
What is 3 (base 5) in base 2?
11
Convert -7 (base 13) to base 4.
-13
What is -2 (base 15) in base 8?
-2
What is -422 (base 6) in base 8?
-236
What is 30 (base 5) in base 7?
21
128 (base 14) to base 9
277
What is -2 (base 15) in base 13?
-2
Convert -36 (base 16) to base 3.
-2000
-6 (base 9) to base 6
-10
6 (base 13) to base 10
6
Convert -27 (base 12) to base 7.
-43
Convert 11 (base 2) to base 8.
3
What is 175 (base 8) in base 9?
148
Convert 0